(v) = 14*v + 1084. Calculate a(-78).
-8
Let a(j) = -39*j - 334. Calculate a(-15).
251
Let f(v) = 3*v**2 + 31*v + 28. What is f(-10)?
18
Let b(r) = 5*r**3 - 77*r**2 + 28*r + 82. Determine b(15).
52
Let l(x) = -19*x**2 - 9. Determine l(0).
-9
Let s(l) = -1134*l + 3392. Calculate s(3).
-10
Let a(n) = n**3 - 34*n**2 - 14*n - 98. Give a(34).
-574
Let i(j) = j**3 - 108*j**2 - 382*j + 260. Calculate i(-4).
-4
Let g(y) = -2*y**3 + 32*y**2 - 6*y + 90. Determine g(16).
-6
Let x(f) = -37*f + 446. What is x(12)?
2
Let o(g) = 104*g + 6775. Calculate o(-65).
15
Let x(o) = -43*o - 507. Give x(-10).
-77
Let p(l) = 15*l + 374. What is p(-25)?
-1
Let q(x) = x**3 + 124*x**2 + 242*x - 371. Calculate q(-122).
-127
Let u(a) = -478*a + 1510. Give u(3).
76
Let v(z) = 2*z**2 + 64*z - 1070. Give v(13).
100
Let j(g) = 35*g + 1221. Give j(-35).
-4
Let f(d) = 4*d**2 - 52*d + 118. What is f(10)?
-2
Let s(i) = 68*i**2 + 281*i - 7. Determine s(-6).
755
Let w(o) = -o**3 + 24*o**2 - 55*o - 140. What is w(21)?
28
Let g(h) = -2*h**2 - 4*h + 389. Give g(-16).
-59
Let v(k) = -5023*k - 140639. What is v(-28)?
5
Let f(k) = 72*k**2 - 6*k - 3. Give f(1).
63
Let o(i) = -i**2 + 9*i + 214. Determine o(-13).
-72
Let g(r) = -r**3 + 13*r**2 - 24*r + 19. What is g(10)?
79
Let q(r) = r**3 - 44*r**2 + 88*r - 168. What is q(42)?
0
Let l(g) = -g**3 + 17*g**2 + 118*g + 457. What is l(23)?
-3
Let j(h) = 3*h**2 + 27*h + 129. What is j(-7)?
87
Let m(n) = n - 49. What is m(13)?
-36
Let g(y) = -y**2 + 8*y + 18. What is g(11)?
-15
Let j(t) = -319*t - 15951. Determine j(-50).
-1
Let f(u) = u**3 - 8*u**2 - 24*u + 37. What is f(10)?
-3
Let f(z) = 3*z**3 + 6*z**2 - 7*z + 53. Give f(7).
1327
Let i(x) = -8*x**2 - 389*x - 243. Determine i(-48).
-3
Let i(o) = -26*o**3 + 6*o**2 + 10. Determine i(3).
-638
Let n(l) = 9*l**2 + 529*l - 119. Give n(-59).
-1
Let c(s) = s**2 + 35*s - 396. Determine c(10).
54
Let z(s) = 2*s**2 - 4*s - 195. Determine z(-11).
91
Let r(d) = d**3 + 23*d**2 + 58*d - 447. Give r(-19).
-105
Let j(q) = 26*q**2 + 8*q. Calculate j(-2).
88
Let y(b) = 22*b**2 + 7*b - 9. Give y(2).
93
Let b(r) = r**2 + 66*r + 543. Calculate b(-9).
30
Let z(t) = 2*t**2 - 541*t + 2117. Calculate z(4).
-15
Let u(h) = 39*h + 1207. Give u(-29).
76
Let y(g) = g**3 - 23*g**2 - 139*g + 15. What is y(28)?
43
Let y(s) = -s**2 + 1562*s - 6235. Give y(4).
-3
Let n(a) = a**2 + 121*a - 647. Give n(5).
-17
Let s(c) = -c**3 - 11*c**2 - 19*c + 26. What is s(-8)?
-14
Let y(d) = -d**2 + 3*d + 371. What is y(19)?
67
Let y(v) = v**3 + 2*v**2 - 43*v - 113. Give y(-3).
7
Let t(l) = 189*l + 2190. Determine t(-12).
-78
Let b(x) = 156*x - 2827. Give b(18).
-19
Let c(r) = -2*r**2 + 15*r + 87. Calculate c(-4).
-5
Let h(c) = 2*c**2 + 12*c - 136. Determine h(-12).
8
Let h(p) = 2*p**2 + 25*p - 296. Determine h(-20).
4
Let k(a) = -a**2 + 29*a + 121. Determine k(33).
-11
Let n(u) = 17*u + 71. What is n(-4)?
3
Let a(t) = 68*t + 487. Determine a(-7).
11
Let r(w) = -2*w**2 + 3077*w + 24743. What is r(-8)?
-1
Let j(n) = n**3 + 17*n**2 + 17*n - 19. Calculate j(-2).
7
Let n(t) = -t**3 + 22*t**2 - 35*t - 98. Give n(20).
2
Let r(o) = -6*o**2 - 17*o - 5. Determine r(-3).
-8
Let p(a) = -44*a + 203. Determine p(-14).
819
Let n(a) = 389*a - 17111. Determine n(44).
5
Let o(i) = -463*i + 23163. Determine o(50).
13
Let i(f) = -734*f - 4435. What is i(-6)?
-31
Let k(w) = 4*w**2 - 68*w - 7. Give k(15).
-127
Let s(j) = -2*j**2 - 51*j + 26. Give s(-24).
98
Let z(u) = 117*u + 682. Calculate z(-6).
-20
Let g(h) = -9*h**2 - 98*h - 275. Calculate g(-7).
-30
Let c(l) = -l**3 + 20*l**2 + 8*l - 1. Calculate c(18).
791
Let g(n) = -4*n**3 + 84*n**2 - 271*n - 18. What is g(17)?
-1
Let o(b) = -38*b - 1029. Determine o(-27).
-3
Let s(a) = -39*a - 238. Calculate s(-6).
-4
Let u(i) = i**3 - 11*i**2 + 4*i + 110. Give u(7).
-58
Let k(f) = f**3 - 109*f + 439. Give k(7).
19
Let t(q) = 971*q - 17472. What is t(18)?
6
Let b(x) = x**2 - 141*x + 1535. Calculate b(12).
-13
Let x(t) = -5*t**3 + 8*t**2 - 10*t - 17. Give x(-1).
6
Let z(w) = -2*w**3 + 18*w**2 + 64*w - 449. What is z(10)?
-9
Let n(c) = c**3 - c**2 + 13*c - 5. Calculate n(-3).
-80
Let f(z) = -6*z**3 - 2*z**2 - 11. Calculate f(-3).
133
Let d(w) = -2*w**3 - 17*w**2 - 32*w - 10. Give d(-5).
-25
Let y(w) = -28*w - 4591. Give y(-164).
1
Let h(y) = -10*y**2 + 546*y + 874. Calculate h(56).
90
Let a(g) = 31*g + 71. What is a(-4)?
-53
Let z(r) = 193*r**2 + 5*r + 6. Determine z(-1).
194
Let w(x) = 234*x - 6080. What is w(26)?
4
Let w(u) = -4*u**2 - 23*u - 3. Give w(-11).
-234
Let g(r) = r**2 + 20*r + 118. Determine g(-20).
118
Let n(u) = -u**3 - 2*u**2 + 2*u + 96. Determine n(0).
96
Let g(p) = 2*p**2 - 139*p + 1386. Determine g(12).
6
Let p(i) = -i**2 + 9*i + 15. Give p(-2).
-7
Let i(q) = q**2 + 160*q - 168. Calculate i(-161).
-7
Let b(u) = 9*u**3 + 333*u**2 - 13*u - 497. Give b(-37).
-16
Let j(l) = -l**2 + 13*l + 299. Calculate j(24).
35
Let s(j) = j**3 - 8*j**2 - 190*j + 1379. What is s(7)?
0
Let g(r) = -r**2 - 535*r + 5447. Calculate g(10).
-3
Let w(v) = 88*v**3 - 3*v**2 + 14*v - 11. Calculate w(1).
88
Let x(k) = 2*k**2 + 167*k - 1042. Calculate x(-90).
128
Let b(s) = 27*s**2 - 24*s - 6. Calculate b(1).
-3
Let y(o) = 2*o**3 + 204*o**2 - 2*o + 61. Calculate y(-102).
265
Let i(h) = h**2 + 52*h + 504. Calculate i(-39).
-3
Let n(w) = 4*w - 452. Calculate n(83).
-120
Let a(x) = -21*x - 4. Calculate a(7).
-151
Let q(y) = y**3 - 9*y**2 - 21*y + 136. Determine q(10).
26
Let p(q) = -2*q**3 + q**2 - 2*q - 53. What is p(0)?
-53
Let p(q) = 32942*q + 395307. Determine p(-12).
3
Let j(l) = -l**3 - 163*l**2 + 329*l - 154. What is j(-165)?
11
Let h(u) = u**3 - 8*u**2 + 18*u - 77. Calculate h(5).
-62
Let k(t) = 32*t - 96. Calculate k(12).
288
Let t(x) = x**3 + 196*x**2 - 592*x + 975. Determine t(-199).
-20
Let p(g) = -174*g + 2094. What is p(12)?
6
Let m(s) = -7*s**2 - 55*s - 113. Determine m(-4).
-5
Let l(i) = -161*i**2 - 1931*i + 34. What is l(-12)?
22
Let h(c) = 2*c**2 - 66*c - 211. What is h(-3)?
5
Let f(v) = v**3 + 9*v**2 + 8*v - 42. Give f(-7).
0
Let v(r) = -19*r**3 + 5*r**2 - 7*r + 4. Calculate v(2).
-142
Let t(w) = 49*w + 974. Give t(-20).
-6
Let x(m) = -m**2 - 18*m + 1850. What is x(35)?
-5
Let j(r) = -776*r - 17030. Determine j(-22).
42
Let c(v) = 2*v**2 + 152*v + 2182. Calculate c(-20).
-58
Let m(l) = -l**2 + 38*l + 66. Determine m(36).
138
Let h(j) = j**2 - 10*j - 374. Determine h(25).
1
Let y(w) = w**3 + 53*w**2 + 64*w + 62. Determine y(-52).
-562
Let g(h) = -6*h**2 - 8*h - 5. What is g(-2)?
-13
Let h(w) = w**3 - 19*w**2 + 18*w - 9. Give h(18).
-9
Let p(g) = g**2 + 3*g - 29. Give p(4).
-1
Let x(y) = 12*y + 241. Calculate x(-20).
1
Let p(k) = 9*k**2 - 128*k + 151. Give p(13).
8
Let n(m) = m**3 + 14*m**2 + 22*m - 23. What is n(-12)?
1
Let t(y) = -5*y**3 - 227*y**2 - 91*y - 91. Determine t(-45).
-46
Let y(b) = -7*b + 188. What is y(32)?
-36
Let b(j) = -280*j - 39481. Give b(-141).
-1
Let g(m) = 63*m - 9402. Determine g(149).
-15
Let h(n) = -n**3 - 9*n**2 + 13*n + 132. Determine h(-9).
15
Let v(n) = 16*n + 76. What is v(-3)?
28
Let m(g) = g**3 - 14*g**2 - 52*g + 3. Determine m(-5).
-212
Let b(u) = 74*u - 308. What is b(0)?
-308
Let u(y) = -9*y**2 + 53*y + 109. Determine u(-2).
-33
Let y(l) = l**2 + 1336*l - 8025. Calculate y(6).
27
Let t(m) = 5*m**2 - 312*m + 121. Determine t(62).
-3
Let w(o) = 4*o**2 + 430*o - 2506. What is w(-113)?
-20
Let g(p) = 29*p - 585. Calculate g(19).
-34
Let f(j) = -8*j**2 - 247*j + 32. Determine f(-31).
1
Let h(z) = -525*z - 4216. Calculate h(-8).
-16
Let h(u) = -2*u**2 + 2*u - 5. Calculate h(-6).
-89
Let s(p) = -2*p**3 - 171*p**2 - 66*p + 1625. Give s(-85).
10
Let a(v) = -19*v + 66. What is a(4)?
-10
Let o(w) = -40*w**2 + 386*w + 50. Give o(10).
-90
Let k(d) = -1347*d - 4033. Calculate k(-3).
8
Let l(n) = -n**3 + 11*n**2 - 474*n + 6511. What is l(13)?
11
Let l(g) = g**3 - 11*g**2 + 20*g + 19. Determine l(6).
-41
Let t(z) = 26*z**2 - 33*z + 89. Calculate t(3).
224
Let b(h) = 3*h**3 - 7*h**2 - 20*h - 40. Give b(-5).
-490
Let b(c) = -8*c**2 + 7*c - 3. What is b(4)?
-103
Let b(i) = 92*i + 2762. What is b(-30)?
2
Let y(q) = -q**2 - 28*q - 88. Calculate y(-12).
104
Let g(w) = -28*w**3 + w**2 + 4. Determine g(1).
-23
Let q(t) = t**2 - 49*t + 383. Give q(43).
125
Let t(a) = -2*a**3 - 519*a**2 - 12556*a - 30. Give t(-